{"id":4172,"date":"2021-05-04T13:00:04","date_gmt":"2021-05-04T10:00:04","guid":{"rendered":"https:\/\/www.tekaykimya.com.tr\/home\/?page_id=4172"},"modified":"2021-05-04T13:00:04","modified_gmt":"2021-05-04T10:00:04","slug":"dienstlesitungen","status":"publish","type":"page","link":"https:\/\/tex-tek.com\/?page_id=4172","title":{"rendered":"DIENSTLESITUNGEN"},"content":{"rendered":"<div id='search_section'  class='avia-section main_color avia-section-no-padding avia-no-shadow  avia-bg-style-scroll  avia-builder-el-0  el_before_av_section  avia-builder-el-first   container_wrap sidebar_right' style='background-color: #fcfcfc;background-image: linear-gradient(45deg,#fcfcfc,#e8e8e8); '  ><div class='container' ><main  role=\"main\" itemprop=\"mainContentOfPage\"  class='template-page content  av-content-small alpha units'><div class='post-entry post-entry-type-page post-entry-4172'><div class='entry-content-wrapper clearfix'>\n<div   data-size='no scaling'  data-lightbox_size='large'  data-animation='slide'  data-conditional_play=''  data-ids='3761,3759,3760'  data-video_counter='0'  data-autoplay='true'  data-bg_slider='false'  data-slide_height=''  data-handle='av_slideshow'  data-interval='4'  data-class=' avia-builder-el-1  el_before_av_hr  avia-builder-el-first  '  data-el_id=''  data-css_id=''  data-scroll_down=''  data-control_layout='av-control-hidden'  data-custom_markup=''  data-perma_caption=''  data-autoplay_stopper=''  data-image_attachment=''  data-min_height='0px'  data-lazy_loading='disabled'  class='avia-slideshow avia-slideshow-1  av-control-hidden av-default-height-applied avia-slideshow-no scaling av_slideshow  avia-builder-el-1  el_before_av_hr  avia-builder-el-first   avia-slide-slider '  itemprop=\"image\" itemscope=\"itemscope\" itemtype=\"https:\/\/schema.org\/ImageObject\" ><ul class='avia-slideshow-inner ' style='padding-bottom: 56.25%;' ><li  class=' slide-1 ' ><div data-rel='slideshow-1' class='avia-slide-wrap '   ><img decoding=\"async\" class=\"wp-image-3761 avia-img-lazy-loading-not-3761\"  src=\"https:\/\/tex-tek.com\/wp-content\/uploads\/2021\/03\/hizmet-bg1.jpg\" width=\"1024\" height=\"576\" title='hizmet-bg1' alt=''  itemprop=\"thumbnailUrl\" srcset=\"https:\/\/tex-tek.com\/wp-content\/uploads\/2021\/03\/hizmet-bg1.jpg 1024w, https:\/\/tex-tek.com\/wp-content\/uploads\/2021\/03\/hizmet-bg1-300x169.jpg 300w, https:\/\/tex-tek.com\/wp-content\/uploads\/2021\/03\/hizmet-bg1-768x432.jpg 768w, https:\/\/tex-tek.com\/wp-content\/uploads\/2021\/03\/hizmet-bg1-705x397.jpg 705w\" sizes=\"(max-width: 1024px) 100vw, 1024px\" \/><\/div><\/li><li  class=' slide-2 ' ><div data-rel='slideshow-1' class='avia-slide-wrap '   ><img decoding=\"async\" class=\"wp-image-3759 avia-img-lazy-loading-not-3759\"  src=\"https:\/\/tex-tek.com\/wp-content\/uploads\/2021\/03\/hizmet-bg3.jpg\" width=\"1024\" height=\"576\" title='hizmet-bg3' alt=''  itemprop=\"thumbnailUrl\" srcset=\"https:\/\/tex-tek.com\/wp-content\/uploads\/2021\/03\/hizmet-bg3.jpg 1024w, https:\/\/tex-tek.com\/wp-content\/uploads\/2021\/03\/hizmet-bg3-300x169.jpg 300w, https:\/\/tex-tek.com\/wp-content\/uploads\/2021\/03\/hizmet-bg3-768x432.jpg 768w, https:\/\/tex-tek.com\/wp-content\/uploads\/2021\/03\/hizmet-bg3-705x397.jpg 705w\" sizes=\"(max-width: 1024px) 100vw, 1024px\" \/><\/div><\/li><li  class=' slide-3 ' ><div data-rel='slideshow-1' class='avia-slide-wrap '   ><img decoding=\"async\" class=\"wp-image-3760 avia-img-lazy-loading-not-3760\"  src=\"https:\/\/tex-tek.com\/wp-content\/uploads\/2021\/03\/hizmet-bg2.jpg\" width=\"1024\" height=\"576\" title='hizmet-bg2' alt=''  itemprop=\"thumbnailUrl\" srcset=\"https:\/\/tex-tek.com\/wp-content\/uploads\/2021\/03\/hizmet-bg2.jpg 1024w, https:\/\/tex-tek.com\/wp-content\/uploads\/2021\/03\/hizmet-bg2-300x169.jpg 300w, https:\/\/tex-tek.com\/wp-content\/uploads\/2021\/03\/hizmet-bg2-768x432.jpg 768w, https:\/\/tex-tek.com\/wp-content\/uploads\/2021\/03\/hizmet-bg2-705x397.jpg 705w\" sizes=\"(max-width: 1024px) 100vw, 1024px\" \/><\/div><\/li><\/ul><div class='avia-slideshow-arrows avia-slideshow-controls'><a href='#prev' class='prev-slide' aria-hidden='true' data-av_icon='\ue87c' data-av_iconfont='entypo-fontello'>\u00d6nceki<\/a><a href='#next' class='next-slide' aria-hidden='true' data-av_icon='\ue87d' data-av_iconfont='entypo-fontello'>Sonraki<\/a><\/div><div class='avia-slideshow-dots avia-slideshow-controls'><a href='#1' class='goto-slide active' >1<\/a><a href='#2' class='goto-slide ' >2<\/a><a href='#3' class='goto-slide ' >3<\/a><\/div><\/div>\n<div  style='height:10px' class='hr hr-invisible   avia-builder-el-2  el_after_av_slideshow  avia-builder-el-last '><span class='hr-inner ' ><span class='hr-inner-style'><\/span><\/span><\/div>\n\n<\/div><\/div><\/main><!-- close content main element --><\/div><div class='av-extra-border-element border-extra-diagonal border-extra-diagonal-inverse '><div class='av-extra-border-outer'><div class='av-extra-border-inner'  style='background-color:#ffffff;' ><\/div><\/div><\/div><\/div><div id='frontpage_grid'  class='avia-section main_color avia-section-default avia-no-border-styling  avia-bg-style-scroll  avia-builder-el-3  el_after_av_section  el_before_av_section   container_wrap sidebar_right' style=' '  ><div class='container' ><div class='template-page content  av-content-small alpha units'><div class='post-entry post-entry-type-page post-entry-4172'><div class='entry-content-wrapper clearfix'>\n<div class='flex_column_table av-equal-height-column-flextable -flextable' style='margin-top:-300px; margin-bottom:0px; '><div class=\"flex_column av_one_third  flex_column_table_cell av-equal-height-column av-align-top avia-link-column av-column-link avia-link-column-hover first  avia-builder-el-4  el_before_av_one_third  avia-builder-el-first  \" style='background: rgba(255,255,255,0.95); border-width:1px; border-color:rgba(230,234,236,0.5); border-style:solid; padding:40px 10px 40px 10px ; background-color:rgba(255,255,255,0.95); border-radius:0px; ' data-link-column-url=\"https:\/\/tex-tek.com\/\" ><a class=\"av-screen-reader-only\" href=https:\/\/tex-tek.com\/ >Link to: Ana Sayfa<\/a><p><span  class=\"av_font_icon avia_animate_when_visible avia-icon-animate  av-icon-style-  avia-icon-pos-center \" style=\"color:#79c8f8; border-color:#79c8f8;\"><span class='av-icon-char' style='font-size:40px;line-height:40px;' aria-hidden='true' data-av_icon='\ue8d6' data-av_iconfont='entypo-fontello' ><\/span><\/span><br \/>\n<div  style='height:10px' class='hr hr-invisible   avia-builder-el-6  el_after_av_font_icon  el_before_av_heading '><span class='hr-inner ' ><span class='hr-inner-style'><\/span><\/span><\/div><br \/>\n<div  style='padding-bottom:10px; color:#4d6877;font-size:27px;' class='av-special-heading av-special-heading-h3 custom-color-heading blockquote modern-quote modern-centered  avia-builder-el-7  el_after_av_hr  el_before_av_textblock  av-inherit-size '><h3 class='av-special-heading-tag '  itemprop=\"headline\"  >SCHNELLES UND ZUVERL\u00c4SSIGES LABOR<\/h3><div class='special-heading-border'><div class='special-heading-inner-border' style='border-color:#4d6877'><\/div><\/div><\/div><br \/>\n<section class=\"av_textblock_section \"  itemscope=\"itemscope\" itemtype=\"https:\/\/schema.org\/CreativeWork\" ><div class='avia_textblock  '   itemprop=\"text\" ><p style=\"text-align: center;\">Die Qualit\u00e4t unserer Produkte wird von unserer Laborabteilung garantiert. Labors f\u00fcr <strong>Forschung &amp; Entwicklung<\/strong> und <strong>Kundenlabore<\/strong> sind in unserem Unternehmen verf\u00fcgbar.<\/p>\n<\/div><\/section><\/p><\/div><div class='av-flex-placeholder'><\/div><div class=\"flex_column av_one_third  flex_column_table_cell av-equal-height-column av-align-top avia-link-column av-column-link avia-link-column-hover   avia-builder-el-9  el_after_av_one_third  el_before_av_one_third  \" style='background: rgba(255,255,255,0.95); border-width:1px; border-color:rgba(230,234,236,0.5); border-style:solid; padding:40px 10px 40px 10px ; background-color:rgba(255,255,255,0.95); border-radius:0px; ' data-link-column-url=\"https:\/\/tex-tek.com\/\" ><a class=\"av-screen-reader-only\" href=https:\/\/tex-tek.com\/ >Link to: Ana Sayfa<\/a><p><span  class=\"av_font_icon avia_animate_when_visible avia-icon-animate  av-icon-style-  avia-icon-pos-center \" style=\"color:#79c8f8; border-color:#79c8f8;\"><span class='av-icon-char' style='font-size:40px;line-height:40px;' aria-hidden='true' data-av_icon='\ue8b6' data-av_iconfont='entypo-fontello' ><\/span><\/span><br \/>\n<div  style='height:10px' class='hr hr-invisible   avia-builder-el-11  el_after_av_font_icon  el_before_av_heading '><span class='hr-inner ' ><span class='hr-inner-style'><\/span><\/span><\/div><br \/>\n<div  style='padding-bottom:10px; color:#4d6877;font-size:27px;' class='av-special-heading av-special-heading-h3 custom-color-heading blockquote modern-quote modern-centered  avia-builder-el-12  el_after_av_hr  el_before_av_textblock  av-inherit-size '><h3 class='av-special-heading-tag '  itemprop=\"headline\"  >SCHNELLE LOGISTIK<\/h3><div class='special-heading-border'><div class='special-heading-inner-border' style='border-color:#4d6877'><\/div><\/div><\/div><br \/>\n<section class=\"av_textblock_section \"  itemscope=\"itemscope\" itemtype=\"https:\/\/schema.org\/CreativeWork\" ><div class='avia_textblock  '   itemprop=\"text\" ><p style=\"text-align: center;\">Dank der logistischen Infrastruktur, die das Prinzip &#8220;Zum ersten Mal p\u00fcnktlich und immer p\u00fcnktlich&#8221; anwendet, werden unsere Produkte schnell an unsere Kunden im In- und Ausland geliefert.<\/p>\n<\/div><\/section><\/p><\/div><div class='av-flex-placeholder'><\/div><div class=\"flex_column av_one_third  flex_column_table_cell av-equal-height-column av-align-top avia-link-column av-column-link avia-link-column-hover   avia-builder-el-14  el_after_av_one_third  avia-builder-el-last  \" style='background: rgba(255,255,255,0.95); border-width:1px; border-color:rgba(230,234,236,0.5); border-style:solid; padding:40px 10px 40px 10px ; background-color:rgba(255,255,255,0.95); border-radius:0px; ' data-link-column-url=\"https:\/\/tex-tek.com\/\" ><a class=\"av-screen-reader-only\" href=https:\/\/tex-tek.com\/ >Link to: Ana Sayfa<\/a><p><span  class=\"av_font_icon avia_animate_when_visible avia-icon-animate  av-icon-style-  avia-icon-pos-center \" style=\"color:#79c8f8; border-color:#79c8f8;\"><span class='av-icon-char' style='font-size:40px;line-height:40px;' aria-hidden='true' data-av_icon='\ue855' data-av_iconfont='entypo-fontello' ><\/span><\/span><br \/>\n<div  style='height:10px' class='hr hr-invisible   avia-builder-el-16  el_after_av_font_icon  el_before_av_heading '><span class='hr-inner ' ><span class='hr-inner-style'><\/span><\/span><\/div><br \/>\n<div  style='padding-bottom:10px; color:#4d6877;font-size:27px;' class='av-special-heading av-special-heading-h3 custom-color-heading blockquote modern-quote modern-centered  avia-builder-el-17  el_after_av_hr  el_before_av_textblock  av-inherit-size '><h3 class='av-special-heading-tag '  itemprop=\"headline\"  >TECHNISCHER L\u00d6SUNGSPARTNER<\/h3><div class='special-heading-border'><div class='special-heading-inner-border' style='border-color:#4d6877'><\/div><\/div><\/div><br \/>\n<section class=\"av_textblock_section \"  itemscope=\"itemscope\" itemtype=\"https:\/\/schema.org\/CreativeWork\" ><div class='avia_textblock  '   itemprop=\"text\" ><p style=\"text-align: center;\">Unser Unternehmen, das sich in Bezug auf Service, Qualit\u00e4t, Produktvielfalt und technische Unterst\u00fctzung entwickelt hat, ist zum L\u00f6sungspartner geworden, indem es seinen Kunden eine qualitativ hochwertige Produktpalette anbietet..<\/p>\n<\/div><\/section><\/p><\/div><\/div><!--close column table wrapper. Autoclose: 1 --><\/div><\/div><\/div><!-- close content main div --><\/div><div class='av-extra-border-element border-extra-diagonal  '><div class='av-extra-border-outer'><div class='av-extra-border-inner'  style='background-color:#ffffff;' ><\/div><\/div><\/div><\/div><div id='av_section_3'  class='avia-section main_color avia-section-small avia-no-border-styling  avia-bg-style-scroll  avia-builder-el-19  el_after_av_section  el_before_av_section   container_wrap sidebar_right' style='background-color: #f8f8f8;  '  ><div class='container' ><div class='template-page content  av-content-small alpha units'><div class='post-entry post-entry-type-page post-entry-4172'><div class='entry-content-wrapper clearfix'>\n<div class=\"flex_column av_two_third  flex_column_div av-zero-column-padding first  avia-builder-el-20  el_before_av_one_third  avia-builder-el-first  \" style='border-radius:0px; '><div id='avia-messagebox-'style='background-color:#ffffff; color:#232323; ' class='avia_message_box  avia-color-custom avia-size-large avia-icon_select-yes avia-border-dashed  avia-builder-el-21  avia-builder-el-no-sibling '><span class='avia_message_box_title' > FORSCHUNG &amp; ENTWICKLUNG LABOR<\/span><div class='avia_message_box_content' ><span class='avia_message_box_icon' aria-hidden='true' data-av_icon='\ue8d6' data-av_iconfont='entypo-fontello'><\/span><p>Um Produkte mit hohem Mehrwert zu entwickeln, haben wir ein F&amp;E Mannschaft von Chemikern und Chemieingenieuren gegr\u00fcndet. Die \u00dcbereinstimmung der von uns verwendeten Rohstoffe mit den nationalen und Umweltstandards wird von unserer F&amp;E Abteilung analysiert.<\/p>\n<p>In puncto Umwelt und Gesundheit achten wir bei allen unseren Aktivit\u00e4ten auf Nachhaltigkeit und Qualit\u00e4tsstandards. Wir stellen keine Chemikalien her, die die Umwelt sch\u00e4digen.<\/p>\n<p>Keines der in der Produktion verwendeten Rohstoffe enth\u00e4lt brennbare, explosive Stoffe. Wir liefern Analysezertifikate f\u00fcr die von uns vertriebenen Produkte.<\/p>\n<\/div><\/div><\/div><div class=\"flex_column av_one_third  flex_column_div   avia-builder-el-22  el_after_av_two_third  avia-builder-el-last  \" style='padding:0px 0px 0px 0px ; border-radius:0px; '><div  class='avia-gallery  avia-gallery-1 avia_lazyload avia-gallery-animate avia_animate_when_visible  avia-builder-el-23  avia-builder-el-no-sibling '  itemprop=\"image\" itemscope=\"itemscope\" itemtype=\"https:\/\/schema.org\/ImageObject\" ><a class='avia-gallery-big fakeLightbox lightbox avia-gallery-big-no-crop-thumb ' href='https:\/\/tex-tek.com\/wp-content\/uploads\/2021\/03\/hizmet-bg4.jpg'  data-onclick='1' title='hizmet-bg4' ><span class='avia-gallery-big-inner'  itemprop=\"thumbnailUrl\" ><img decoding=\"async\" class=\"wp-image-3770 avia-img-lazy-loading-not-3770\"  width=\"1024\" height=\"576\" src=\"https:\/\/tex-tek.com\/wp-content\/uploads\/2021\/03\/hizmet-bg4.jpg\" title='hizmet-bg4' alt='' srcset=\"https:\/\/tex-tek.com\/wp-content\/uploads\/2021\/03\/hizmet-bg4.jpg 1024w, https:\/\/tex-tek.com\/wp-content\/uploads\/2021\/03\/hizmet-bg4-300x169.jpg 300w, https:\/\/tex-tek.com\/wp-content\/uploads\/2021\/03\/hizmet-bg4-768x432.jpg 768w, https:\/\/tex-tek.com\/wp-content\/uploads\/2021\/03\/hizmet-bg4-705x397.jpg 705w\" sizes=\"(max-width: 1024px) 100vw, 1024px\" \/><\/span><\/a><div class='avia-gallery-thumb'> <a href='https:\/\/tex-tek.com\/wp-content\/uploads\/2021\/03\/hizmet-bg4.jpg' data-rel='gallery-1' data-prev-img='https:\/\/tex-tek.com\/wp-content\/uploads\/2021\/03\/hizmet-bg4.jpg' class='first_thumb lightbox ' data-onclick='1' title='hizmet-bg4'  itemprop=\"thumbnailUrl\"  ><img decoding=\"async\" class=\"wp-image-3770 avia-img-lazy-loading-not-3770\"   src=\"https:\/\/tex-tek.com\/wp-content\/uploads\/2021\/03\/hizmet-bg4.jpg\" width=\"1024\" height=\"576\"  title='hizmet-bg4' alt='' srcset=\"https:\/\/tex-tek.com\/wp-content\/uploads\/2021\/03\/hizmet-bg4.jpg 1024w, https:\/\/tex-tek.com\/wp-content\/uploads\/2021\/03\/hizmet-bg4-300x169.jpg 300w, https:\/\/tex-tek.com\/wp-content\/uploads\/2021\/03\/hizmet-bg4-768x432.jpg 768w, https:\/\/tex-tek.com\/wp-content\/uploads\/2021\/03\/hizmet-bg4-705x397.jpg 705w\" sizes=\"(max-width: 1024px) 100vw, 1024px\" \/><\/a> <a href='https:\/\/tex-tek.com\/wp-content\/uploads\/2021\/03\/hizmet-bg5.jpg' data-rel='gallery-1' data-prev-img='https:\/\/tex-tek.com\/wp-content\/uploads\/2021\/03\/hizmet-bg5.jpg' class='lightbox ' data-onclick='2' title='hizmet-bg5'  itemprop=\"thumbnailUrl\"  ><img decoding=\"async\" class=\"wp-image-3769 avia-img-lazy-loading-not-3769\"   src=\"https:\/\/tex-tek.com\/wp-content\/uploads\/2021\/03\/hizmet-bg5.jpg\" width=\"1024\" height=\"576\"  title='hizmet-bg5' alt='' srcset=\"https:\/\/tex-tek.com\/wp-content\/uploads\/2021\/03\/hizmet-bg5.jpg 1024w, https:\/\/tex-tek.com\/wp-content\/uploads\/2021\/03\/hizmet-bg5-300x169.jpg 300w, https:\/\/tex-tek.com\/wp-content\/uploads\/2021\/03\/hizmet-bg5-768x432.jpg 768w, https:\/\/tex-tek.com\/wp-content\/uploads\/2021\/03\/hizmet-bg5-705x397.jpg 705w\" sizes=\"(max-width: 1024px) 100vw, 1024px\" \/><\/a> <a href='https:\/\/tex-tek.com\/wp-content\/uploads\/2021\/03\/hizmet-bg6.jpg' data-rel='gallery-1' data-prev-img='https:\/\/tex-tek.com\/wp-content\/uploads\/2021\/03\/hizmet-bg6.jpg' class='lightbox ' data-onclick='3' title='hizmet-bg6'  itemprop=\"thumbnailUrl\"  ><img decoding=\"async\" class=\"wp-image-3768 avia-img-lazy-loading-not-3768\"   src=\"https:\/\/tex-tek.com\/wp-content\/uploads\/2021\/03\/hizmet-bg6.jpg\" width=\"1024\" height=\"576\"  title='hizmet-bg6' alt='' srcset=\"https:\/\/tex-tek.com\/wp-content\/uploads\/2021\/03\/hizmet-bg6.jpg 1024w, https:\/\/tex-tek.com\/wp-content\/uploads\/2021\/03\/hizmet-bg6-300x169.jpg 300w, https:\/\/tex-tek.com\/wp-content\/uploads\/2021\/03\/hizmet-bg6-768x432.jpg 768w, https:\/\/tex-tek.com\/wp-content\/uploads\/2021\/03\/hizmet-bg6-705x397.jpg 705w\" sizes=\"(max-width: 1024px) 100vw, 1024px\" \/><\/a><\/div><\/div><\/div><\/div><\/div><\/div><!-- close content main div --><\/div><\/div><div id='faq_section'  class='avia-section main_color avia-section-small avia-no-border-styling  avia-bg-style-scroll  avia-builder-el-24  el_after_av_section  avia-builder-el-last   container_wrap sidebar_right' style='background-color: #ffffff;  '  ><div class='container' ><div class='template-page content  av-content-small alpha units'><div class='post-entry post-entry-type-page post-entry-4172'><div class='entry-content-wrapper clearfix'>\n<div class=\"flex_column av_one_third  flex_column_div first  avia-builder-el-25  el_before_av_two_third  avia-builder-el-first  \" style='margin-top:0px; margin-bottom:0px; padding:0px 0px 0px 0px ; border-radius:0px; '><div  class='avia-gallery  avia-gallery-2 avia_lazyload avia-gallery-animate avia_animate_when_visible  avia-builder-el-26  avia-builder-el-no-sibling '  itemprop=\"image\" itemscope=\"itemscope\" itemtype=\"https:\/\/schema.org\/ImageObject\" ><a class='avia-gallery-big fakeLightbox lightbox avia-gallery-big-no-crop-thumb ' href='https:\/\/tex-tek.com\/wp-content\/uploads\/2021\/03\/hizmet-bg9.jpg'  data-onclick='1' title='hizmet-bg9' ><span class='avia-gallery-big-inner'  itemprop=\"thumbnailUrl\" ><img decoding=\"async\" class=\"wp-image-3781 avia-img-lazy-loading-not-3781\"  width=\"1024\" height=\"576\" src=\"https:\/\/tex-tek.com\/wp-content\/uploads\/2021\/03\/hizmet-bg9.jpg\" title='hizmet-bg9' alt='' srcset=\"https:\/\/tex-tek.com\/wp-content\/uploads\/2021\/03\/hizmet-bg9.jpg 1024w, https:\/\/tex-tek.com\/wp-content\/uploads\/2021\/03\/hizmet-bg9-300x169.jpg 300w, https:\/\/tex-tek.com\/wp-content\/uploads\/2021\/03\/hizmet-bg9-768x432.jpg 768w, https:\/\/tex-tek.com\/wp-content\/uploads\/2021\/03\/hizmet-bg9-705x397.jpg 705w\" sizes=\"(max-width: 1024px) 100vw, 1024px\" \/><\/span><\/a><div class='avia-gallery-thumb'> <a href='https:\/\/tex-tek.com\/wp-content\/uploads\/2021\/03\/hizmet-bg9.jpg' data-rel='gallery-2' data-prev-img='https:\/\/tex-tek.com\/wp-content\/uploads\/2021\/03\/hizmet-bg9.jpg' class='first_thumb lightbox ' data-onclick='1' title='hizmet-bg9'  itemprop=\"thumbnailUrl\"  ><img decoding=\"async\" class=\"wp-image-3781 avia-img-lazy-loading-not-3781\"   src=\"https:\/\/tex-tek.com\/wp-content\/uploads\/2021\/03\/hizmet-bg9.jpg\" width=\"1024\" height=\"576\"  title='hizmet-bg9' alt='' srcset=\"https:\/\/tex-tek.com\/wp-content\/uploads\/2021\/03\/hizmet-bg9.jpg 1024w, https:\/\/tex-tek.com\/wp-content\/uploads\/2021\/03\/hizmet-bg9-300x169.jpg 300w, https:\/\/tex-tek.com\/wp-content\/uploads\/2021\/03\/hizmet-bg9-768x432.jpg 768w, https:\/\/tex-tek.com\/wp-content\/uploads\/2021\/03\/hizmet-bg9-705x397.jpg 705w\" sizes=\"(max-width: 1024px) 100vw, 1024px\" \/><\/a> <a href='https:\/\/tex-tek.com\/wp-content\/uploads\/2021\/03\/hizmet-bg8.jpg' data-rel='gallery-2' data-prev-img='https:\/\/tex-tek.com\/wp-content\/uploads\/2021\/03\/hizmet-bg8.jpg' class='lightbox ' data-onclick='2' title='hizmet-bg8'  itemprop=\"thumbnailUrl\"  ><img decoding=\"async\" class=\"wp-image-3782 avia-img-lazy-loading-not-3782\"   src=\"https:\/\/tex-tek.com\/wp-content\/uploads\/2021\/03\/hizmet-bg8.jpg\" width=\"1024\" height=\"576\"  title='hizmet-bg8' alt='' srcset=\"https:\/\/tex-tek.com\/wp-content\/uploads\/2021\/03\/hizmet-bg8.jpg 1024w, https:\/\/tex-tek.com\/wp-content\/uploads\/2021\/03\/hizmet-bg8-300x169.jpg 300w, https:\/\/tex-tek.com\/wp-content\/uploads\/2021\/03\/hizmet-bg8-768x432.jpg 768w, https:\/\/tex-tek.com\/wp-content\/uploads\/2021\/03\/hizmet-bg8-705x397.jpg 705w\" sizes=\"(max-width: 1024px) 100vw, 1024px\" \/><\/a> <a href='https:\/\/tex-tek.com\/wp-content\/uploads\/2021\/03\/hizmet-bg7.jpg' data-rel='gallery-2' data-prev-img='https:\/\/tex-tek.com\/wp-content\/uploads\/2021\/03\/hizmet-bg7.jpg' class='lightbox ' data-onclick='3' title='hizmet-bg7'  itemprop=\"thumbnailUrl\"  ><img decoding=\"async\" class=\"wp-image-3783 avia-img-lazy-loading-not-3783\"   src=\"https:\/\/tex-tek.com\/wp-content\/uploads\/2021\/03\/hizmet-bg7.jpg\" width=\"1024\" height=\"576\"  title='hizmet-bg7' alt='' srcset=\"https:\/\/tex-tek.com\/wp-content\/uploads\/2021\/03\/hizmet-bg7.jpg 1024w, https:\/\/tex-tek.com\/wp-content\/uploads\/2021\/03\/hizmet-bg7-300x169.jpg 300w, https:\/\/tex-tek.com\/wp-content\/uploads\/2021\/03\/hizmet-bg7-768x432.jpg 768w, https:\/\/tex-tek.com\/wp-content\/uploads\/2021\/03\/hizmet-bg7-705x397.jpg 705w\" sizes=\"(max-width: 1024px) 100vw, 1024px\" \/><\/a><\/div><\/div><\/div><div class=\"flex_column av_two_third  flex_column_div av-zero-column-padding   avia-builder-el-27  el_after_av_one_third  avia-builder-el-last  \" style='margin-top:0px; margin-bottom:0px; border-radius:0px; '><div id='avia-messagebox-'style='background-color:#f8f8f8; color:#1c1c1c; ' class='avia_message_box  avia-color-custom avia-size-large avia-icon_select-yes avia-border-dashed  avia-builder-el-28  avia-builder-el-no-sibling '><span class='avia_message_box_title' >KUNDENLABORE<\/span><div class='avia_message_box_content' ><span class='avia_message_box_icon' aria-hidden='true' data-av_icon='\ue8d6' data-av_iconfont='entypo-fontello'><\/span><p>Die Qualit\u00e4t unserer Produkte wird von unserer Laborabteilung garantiert.<\/p>\n<p>Beim durchf\u00fchren von Farbstudien und chemischen Analysen, die von unseren Kunden gefordert werden, Farbkontrollen werden mit einem Farbmessger\u00e4t (Spektrophotometer) durchgef\u00fchrt und Farbmessungen werden auf Firmenbasis archiviert.<\/p>\n<p>Durch das Laden der Erweiterungen aller in Farbmessger\u00e4ten verwendeten Farben ist es m\u00f6glich, Rezepte fehlerfrei zu erhalten.<\/p>\n<p>Wir kalibrieren unsere Instrumente mit bestimmten Zeitr\u00e4umen. Diese Zeitr\u00e4ume werden entsprechend der Empfindlichkeit des Ger\u00e4ts festgelegt, um Messgenauigkeit, Abweichung, R\u00fcckverfolgbarkeit und Wartung zu gew\u00e4hrleisten.<\/p>\n<p>Um die Qualit\u00e4t unserer Produkte sicherzustellen, wird die R\u00fcckverfolgbarkeit unserer Mess- und Pr\u00fcfger\u00e4te durch Verwendung von referenzierten Ger\u00e4ten, die internationalen Standards entsprechen, durchgef\u00fchrt.<\/p>\n<\/div><\/div><\/div><\/div><\/div><\/div><!-- close content main div --><\/div><\/div><div id='after_section_4'  class='main_color av_default_container_wrap container_wrap sidebar_right' style=' '  ><div class='container' ><div class='template-page content  av-content-small alpha units'><div class='post-entry post-entry-type-page post-entry-4172'><div class='entry-content-wrapper clearfix'><\/p>\n","protected":false},"excerpt":{"rendered":"","protected":false},"author":1,"featured_media":0,"parent":0,"menu_order":0,"comment_status":"closed","ping_status":"closed","template":"","meta":{"footnotes":""},"class_list":["post-4172","page","type-page","status-publish","hentry"],"_links":{"self":[{"href":"https:\/\/tex-tek.com\/index.php?rest_route=\/wp\/v2\/pages\/4172","targetHints":{"allow":["GET"]}}],"collection":[{"href":"https:\/\/tex-tek.com\/index.php?rest_route=\/wp\/v2\/pages"}],"about":[{"href":"https:\/\/tex-tek.com\/index.php?rest_route=\/wp\/v2\/types\/page"}],"author":[{"embeddable":true,"href":"https:\/\/tex-tek.com\/index.php?rest_route=\/wp\/v2\/users\/1"}],"replies":[{"embeddable":true,"href":"https:\/\/tex-tek.com\/index.php?rest_route=%2Fwp%2Fv2%2Fcomments&post=4172"}],"version-history":[{"count":1,"href":"https:\/\/tex-tek.com\/index.php?rest_route=\/wp\/v2\/pages\/4172\/revisions"}],"predecessor-version":[{"id":4173,"href":"https:\/\/tex-tek.com\/index.php?rest_route=\/wp\/v2\/pages\/4172\/revisions\/4173"}],"wp:attachment":[{"href":"https:\/\/tex-tek.com\/index.php?rest_route=%2Fwp%2Fv2%2Fmedia&parent=4172"}],"curies":[{"name":"wp","href":"https:\/\/api.w.org\/{rel}","templated":true}]}}